{"id":17,"date":"2023-03-06T00:35:26","date_gmt":"2023-03-06T00:35:26","guid":{"rendered":"https:\/\/nuechtern.benjaminkuerten.de\/?page_id=17"},"modified":"2023-05-05T08:29:15","modified_gmt":"2023-05-05T08:29:15","slug":"elvira-nuechtern","status":"publish","type":"page","link":"https:\/\/www.elviranuechtern.de\/","title":{"rendered":"Elvira N\u00fcchtern"},"content":{"rendered":"\t\t<div data-elementor-type=\"wp-page\" data-elementor-id=\"17\" class=\"elementor elementor-17\">\n\t\t\t\t\t\t<section class=\"elementor-section elementor-top-section elementor-element elementor-element-ff0f30c elementor-section-boxed elementor-section-height-default elementor-section-height-default\" data-id=\"ff0f30c\" data-element_type=\"section\" data-e-type=\"section\">\n\t\t\t\t\t\t<div class=\"elementor-container elementor-column-gap-default\">\n\t\t\t\t\t<div class=\"elementor-column elementor-col-100 elementor-top-column elementor-element elementor-element-fbd4511\" data-id=\"fbd4511\" data-element_type=\"column\" data-e-type=\"column\">\n\t\t\t<div class=\"elementor-widget-wrap elementor-element-populated\">\n\t\t\t\t\t\t<div class=\"elementor-element elementor-element-b2d08f0 elementor-widget elementor-widget-shortcode\" data-id=\"b2d08f0\" data-element_type=\"widget\" data-e-type=\"widget\" data-widget_type=\"shortcode.default\">\n\t\t\t\t<div class=\"elementor-widget-container\">\n\t\t\t\t\t\t\t<div class=\"elementor-shortcode\"><\/div>\n\t\t\t\t\t\t<\/div>\n\t\t\t\t<\/div>\n\t\t\t\t\t<\/div>\n\t\t<\/div>\n\t\t\t\t\t<\/div>\n\t\t<\/section>\n\t\t\t\t<section class=\"elementor-section elementor-top-section elementor-element elementor-element-f1d09ab elementor-section-boxed elementor-section-height-default elementor-section-height-default\" data-id=\"f1d09ab\" data-element_type=\"section\" data-e-type=\"section\" data-settings=\"{&quot;background_background&quot;:&quot;classic&quot;}\">\n\t\t\t\t\t\t<div class=\"elementor-container elementor-column-gap-default\">\n\t\t\t\t\t<div class=\"elementor-column elementor-col-100 elementor-top-column elementor-element elementor-element-f16dfd0\" data-id=\"f16dfd0\" data-element_type=\"column\" data-e-type=\"column\">\n\t\t\t<div class=\"elementor-widget-wrap elementor-element-populated\">\n\t\t\t\t\t\t<div class=\"elementor-element elementor-element-6d5e08d elementor-widget elementor-widget-heading\" data-id=\"6d5e08d\" data-element_type=\"widget\" data-e-type=\"widget\" data-widget_type=\"heading.default\">\n\t\t\t\t<div class=\"elementor-widget-container\">\n\t\t\t\t\t<h2 class=\"elementor-heading-title elementor-size-default\">Events<\/h2>\t\t\t\t<\/div>\n\t\t\t\t<\/div>\n\t\t\t\t<section class=\"elementor-section elementor-inner-section elementor-element elementor-element-41ccf94 elementor-section-boxed elementor-section-height-default elementor-section-height-default\" data-id=\"41ccf94\" data-element_type=\"section\" data-e-type=\"section\">\n\t\t\t\t\t\t<div class=\"elementor-container elementor-column-gap-default\">\n\t\t\t\t\t<div class=\"elementor-column elementor-col-33 elementor-inner-column elementor-element elementor-element-8be6b0d\" data-id=\"8be6b0d\" data-element_type=\"column\" data-e-type=\"column\" data-settings=\"{&quot;background_background&quot;:&quot;classic&quot;}\">\n\t\t\t<div class=\"elementor-widget-wrap elementor-element-populated\">\n\t\t\t\t\t\t<div class=\"elementor-element elementor-element-3b68a75 elementor-widget elementor-widget-image\" data-id=\"3b68a75\" data-element_type=\"widget\" data-e-type=\"widget\" data-widget_type=\"image.default\">\n\t\t\t\t<div class=\"elementor-widget-container\">\n\t\t\t\t\t\t\t\t\t\t\t\t\t\t\t<img fetchpriority=\"high\" decoding=\"async\" width=\"406\" height=\"535\" src=\"https:\/\/www.elviranuechtern.de\/wp-content\/uploads\/2023\/03\/Ankuendigung-Boettchehof.png\" class=\"attachment-large size-large wp-image-129\" alt=\"\" srcset=\"https:\/\/www.elviranuechtern.de\/wp-content\/uploads\/2023\/03\/Ankuendigung-Boettchehof.png 406w, https:\/\/www.elviranuechtern.de\/wp-content\/uploads\/2023\/03\/Ankuendigung-Boettchehof-228x300.png 228w\" sizes=\"(max-width: 406px) 100vw, 406px\" \/>\t\t\t\t\t\t\t\t\t\t\t\t\t\t\t<\/div>\n\t\t\t\t<\/div>\n\t\t\t\t<div class=\"elementor-element elementor-element-73ed683 elementor-widget elementor-widget-heading\" data-id=\"73ed683\" data-element_type=\"widget\" data-e-type=\"widget\" data-widget_type=\"heading.default\">\n\t\t\t\t<div class=\"elementor-widget-container\">\n\t\t\t\t\t<h2 class=\"elementor-heading-title elementor-size-default\">M\u00f6rderische Lesung im Boettchehof<\/h2>\t\t\t\t<\/div>\n\t\t\t\t<\/div>\n\t\t\t\t<div class=\"elementor-element elementor-element-e1f8816 elementor-widget elementor-widget-text-editor\" data-id=\"e1f8816\" data-element_type=\"widget\" data-e-type=\"widget\" data-widget_type=\"text-editor.default\">\n\t\t\t\t<div class=\"elementor-widget-container\">\n\t\t\t\t\t\t\t\t\t<p>Der Termin r\u00fcckt n\u00e4her. Es wird ein toller und vergn\u00fcglicher Abend. Noch gibt es Pl\u00e4tze. Bist du dabei? Dann ran an den Speck.<br>Buchen unter: PayPal friendsE-Mail: enuechtern@gmx.de<br>oder direkt am Boettchehofoder unter www.streuobstbrise.de<br><span style=\"font-style: inherit; font-weight: inherit; color: var( --e-global-color-text );\">Ihr k\u00f6nnt gespannt sei<br><br><\/span><\/p>\t\t\t\t\t\t\t\t<\/div>\n\t\t\t\t<\/div>\n\t\t\t\t<div class=\"elementor-element elementor-element-f43528b elementor-align-center elementor-widget elementor-widget-button\" data-id=\"f43528b\" data-element_type=\"widget\" data-e-type=\"widget\" data-widget_type=\"button.default\">\n\t\t\t\t<div class=\"elementor-widget-container\">\n\t\t\t\t\t\t\t\t\t<div class=\"elementor-button-wrapper\">\n\t\t\t\t\t<a class=\"elementor-button elementor-button-link elementor-size-md\" href=\"https:\/\/www.elviranuechtern.de\/index.php\/2023\/03\/11\/moerderische-lesung-im-boettchehof\/\">\n\t\t\t\t\t\t<span class=\"elementor-button-content-wrapper\">\n\t\t\t\t\t\t<span class=\"elementor-button-icon\">\n\t\t\t\t<i aria-hidden=\"true\" class=\"far fa-arrow-alt-circle-right\"><\/i>\t\t\t<\/span>\n\t\t\t\t\t\t\t\t\t<span class=\"elementor-button-text\">Weiterlesen <\/span>\n\t\t\t\t\t<\/span>\n\t\t\t\t\t<\/a>\n\t\t\t\t<\/div>\n\t\t\t\t\t\t\t\t<\/div>\n\t\t\t\t<\/div>\n\t\t\t\t\t<\/div>\n\t\t<\/div>\n\t\t\t\t<div class=\"elementor-column elementor-col-33 elementor-inner-column elementor-element elementor-element-6f2b097\" data-id=\"6f2b097\" data-element_type=\"column\" data-e-type=\"column\" data-settings=\"{&quot;background_background&quot;:&quot;classic&quot;}\">\n\t\t\t<div class=\"elementor-widget-wrap elementor-element-populated\">\n\t\t\t\t\t\t<div class=\"elementor-element elementor-element-78229e9 elementor-widget elementor-widget-image\" data-id=\"78229e9\" data-element_type=\"widget\" data-e-type=\"widget\" data-widget_type=\"image.default\">\n\t\t\t\t<div class=\"elementor-widget-container\">\n\t\t\t\t\t\t\t\t\t\t\t\t\t\t\t<img decoding=\"async\" width=\"945\" height=\"945\" src=\"https:\/\/www.elviranuechtern.de\/wp-content\/uploads\/2023\/03\/1678550795364.jpg\" class=\"attachment-large size-large wp-image-165\" alt=\"\" srcset=\"https:\/\/www.elviranuechtern.de\/wp-content\/uploads\/2023\/03\/1678550795364.jpg 945w, https:\/\/www.elviranuechtern.de\/wp-content\/uploads\/2023\/03\/1678550795364-300x300.jpg 300w, https:\/\/www.elviranuechtern.de\/wp-content\/uploads\/2023\/03\/1678550795364-150x150.jpg 150w, https:\/\/www.elviranuechtern.de\/wp-content\/uploads\/2023\/03\/1678550795364-768x768.jpg 768w\" sizes=\"(max-width: 945px) 100vw, 945px\" \/>\t\t\t\t\t\t\t\t\t\t\t\t\t\t\t<\/div>\n\t\t\t\t<\/div>\n\t\t\t\t<div class=\"elementor-element elementor-element-ac39b37 elementor-widget elementor-widget-heading\" data-id=\"ac39b37\" data-element_type=\"widget\" data-e-type=\"widget\" data-widget_type=\"heading.default\">\n\t\t\t\t<div class=\"elementor-widget-container\">\n\t\t\t\t\t<h2 class=\"elementor-heading-title elementor-size-default\">M\u00f6rderische Lesung in italienischem Ambiente 7.10<\/h2>\t\t\t\t<\/div>\n\t\t\t\t<\/div>\n\t\t\t\t<div class=\"elementor-element elementor-element-b2aa7cc elementor-widget elementor-widget-text-editor\" data-id=\"b2aa7cc\" data-element_type=\"widget\" data-e-type=\"widget\" data-widget_type=\"text-editor.default\">\n\t\t\t\t<div class=\"elementor-widget-container\">\n\t\t\t\t\t\t\t\t\t<p>Erleben Sie Elvira N\u00fcchtern mit ihrem Regionalkrimi \u201eSchierling und Gin Tonic\u201c in einem italienischen Ambiente vom Feinsten. Genie\u00dfen Sie kleine italienische K\u00f6stlichkeiten, w\u00e4hrend Sie der M\u00f6rderischen Lesung lauschen. H\u00f6ren Sie die italienische Darbietungen von Stella, Gesang, Rossano, Gitarre und die Improvisationen von Anne Dietrich, Saxophon.\u2026<\/p>\t\t\t\t\t\t\t\t<\/div>\n\t\t\t\t<\/div>\n\t\t\t\t<div class=\"elementor-element elementor-element-77ab6cd elementor-align-center elementor-widget elementor-widget-button\" data-id=\"77ab6cd\" data-element_type=\"widget\" data-e-type=\"widget\" data-widget_type=\"button.default\">\n\t\t\t\t<div class=\"elementor-widget-container\">\n\t\t\t\t\t\t\t\t\t<div class=\"elementor-button-wrapper\">\n\t\t\t\t\t<a class=\"elementor-button elementor-button-link elementor-size-md\" href=\"https:\/\/www.elviranuechtern.de\/index.php\/2023\/03\/11\/moerderische-lesung-in-italienischem-ambiente-7-10\/\">\n\t\t\t\t\t\t<span class=\"elementor-button-content-wrapper\">\n\t\t\t\t\t\t<span class=\"elementor-button-icon\">\n\t\t\t\t<i aria-hidden=\"true\" class=\"far fa-arrow-alt-circle-right\"><\/i>\t\t\t<\/span>\n\t\t\t\t\t\t\t\t\t<span class=\"elementor-button-text\">Weiterlesen <\/span>\n\t\t\t\t\t<\/span>\n\t\t\t\t\t<\/a>\n\t\t\t\t<\/div>\n\t\t\t\t\t\t\t\t<\/div>\n\t\t\t\t<\/div>\n\t\t\t\t\t<\/div>\n\t\t<\/div>\n\t\t\t\t<div class=\"elementor-column elementor-col-33 elementor-inner-column elementor-element elementor-element-16b31a5\" data-id=\"16b31a5\" data-element_type=\"column\" data-e-type=\"column\" data-settings=\"{&quot;background_background&quot;:&quot;classic&quot;}\">\n\t\t\t<div class=\"elementor-widget-wrap elementor-element-populated\">\n\t\t\t\t\t\t<div class=\"elementor-element elementor-element-7190f54 elementor-widget elementor-widget-image\" data-id=\"7190f54\" data-element_type=\"widget\" data-e-type=\"widget\" data-widget_type=\"image.default\">\n\t\t\t\t<div class=\"elementor-widget-container\">\n\t\t\t\t\t\t\t\t\t\t\t\t\t\t\t<img decoding=\"async\" width=\"773\" height=\"1024\" src=\"https:\/\/www.elviranuechtern.de\/wp-content\/uploads\/2022\/11\/1678546134794-e1678724132663-773x1024.jpg\" class=\"attachment-large size-large wp-image-122\" alt=\"\" srcset=\"https:\/\/www.elviranuechtern.de\/wp-content\/uploads\/2022\/11\/1678546134794-e1678724132663-773x1024.jpg 773w, https:\/\/www.elviranuechtern.de\/wp-content\/uploads\/2022\/11\/1678546134794-e1678724132663-227x300.jpg 227w, https:\/\/www.elviranuechtern.de\/wp-content\/uploads\/2022\/11\/1678546134794-e1678724132663-768x1017.jpg 768w, https:\/\/www.elviranuechtern.de\/wp-content\/uploads\/2022\/11\/1678546134794-e1678724132663.jpg 932w\" sizes=\"(max-width: 773px) 100vw, 773px\" \/>\t\t\t\t\t\t\t\t\t\t\t\t\t\t\t<\/div>\n\t\t\t\t<\/div>\n\t\t\t\t<div class=\"elementor-element elementor-element-9cf8a9f elementor-widget elementor-widget-heading\" data-id=\"9cf8a9f\" data-element_type=\"widget\" data-e-type=\"widget\" data-widget_type=\"heading.default\">\n\t\t\t\t<div class=\"elementor-widget-container\">\n\t\t\t\t\t<h2 class=\"elementor-heading-title elementor-size-default\">M\u00f6rderische Lesung und anderes im \u201eGoldenen Affen\u201c<\/h2>\t\t\t\t<\/div>\n\t\t\t\t<\/div>\n\t\t\t\t<div class=\"elementor-element elementor-element-3ca767a elementor-widget elementor-widget-text-editor\" data-id=\"3ca767a\" data-element_type=\"widget\" data-e-type=\"widget\" data-widget_type=\"text-editor.default\">\n\t\t\t\t<div class=\"elementor-widget-container\">\n\t\t\t\t\t\t\t\t\t<p>Es war ein toller Abend. Tolle Gespr\u00e4che mit den G\u00e4sten, Boryanas beeindruckende Geschichte, das Ambiente. Richtig gelungen. Leckeres Essen vom K\u00fcrbisquiche \u00fcber Lauchquiche bis hin zu der g\u00f6ttlichen Zitronentarte und dem unwiderstehlichen Maulwurfskuchen. Der minikleine Ort war bis auf den letzten Platz gef\u00fcllt. Perlender Sekt\u2026<\/p>\t\t\t\t\t\t\t\t<\/div>\n\t\t\t\t<\/div>\n\t\t\t\t<div class=\"elementor-element elementor-element-0eda975 elementor-align-center elementor-widget elementor-widget-button\" data-id=\"0eda975\" data-element_type=\"widget\" data-e-type=\"widget\" data-widget_type=\"button.default\">\n\t\t\t\t<div class=\"elementor-widget-container\">\n\t\t\t\t\t\t\t\t\t<div class=\"elementor-button-wrapper\">\n\t\t\t\t\t<a class=\"elementor-button elementor-button-link elementor-size-md\" href=\"https:\/\/www.elviranuechtern.de\/index.php\/2022\/11\/02\/test-event-1-2-2-4\/\">\n\t\t\t\t\t\t<span class=\"elementor-button-content-wrapper\">\n\t\t\t\t\t\t<span class=\"elementor-button-icon\">\n\t\t\t\t<i aria-hidden=\"true\" class=\"far fa-arrow-alt-circle-right\"><\/i>\t\t\t<\/span>\n\t\t\t\t\t\t\t\t\t<span class=\"elementor-button-text\">Weiterlesen <\/span>\n\t\t\t\t\t<\/span>\n\t\t\t\t\t<\/a>\n\t\t\t\t<\/div>\n\t\t\t\t\t\t\t\t<\/div>\n\t\t\t\t<\/div>\n\t\t\t\t\t<\/div>\n\t\t<\/div>\n\t\t\t\t\t<\/div>\n\t\t<\/section>\n\t\t\t\t\t<\/div>\n\t\t<\/div>\n\t\t\t\t\t<\/div>\n\t\t<\/section>\n\t\t\t\t<section class=\"elementor-section elementor-top-section elementor-element elementor-element-96e9d15 elementor-section-full_width elementor-section-height-default elementor-section-height-default\" data-id=\"96e9d15\" data-element_type=\"section\" data-e-type=\"section\">\n\t\t\t\t\t\t<div class=\"elementor-container elementor-column-gap-default\">\n\t\t\t\t\t<div class=\"elementor-column elementor-col-50 elementor-top-column elementor-element elementor-element-a6307f2\" data-id=\"a6307f2\" data-element_type=\"column\" data-e-type=\"column\">\n\t\t\t<div class=\"elementor-widget-wrap elementor-element-populated\">\n\t\t\t\t\t\t<div class=\"elementor-element elementor-element-66ab9f7 elementor-widget elementor-widget-image\" data-id=\"66ab9f7\" data-element_type=\"widget\" data-e-type=\"widget\" data-widget_type=\"image.default\">\n\t\t\t\t<div class=\"elementor-widget-container\">\n\t\t\t\t\t\t\t\t\t\t\t\t\t\t\t<img loading=\"lazy\" decoding=\"async\" width=\"1024\" height=\"1011\" src=\"https:\/\/www.elviranuechtern.de\/wp-content\/uploads\/2023\/03\/Teilstueck-1.3-scaled-e1678063221528-1024x1011.jpeg\" class=\"attachment-large size-large wp-image-25\" alt=\"\" srcset=\"https:\/\/www.elviranuechtern.de\/wp-content\/uploads\/2023\/03\/Teilstueck-1.3-scaled-e1678063221528-1024x1011.jpeg 1024w, https:\/\/www.elviranuechtern.de\/wp-content\/uploads\/2023\/03\/Teilstueck-1.3-scaled-e1678063221528-300x296.jpeg 300w, https:\/\/www.elviranuechtern.de\/wp-content\/uploads\/2023\/03\/Teilstueck-1.3-scaled-e1678063221528-768x758.jpeg 768w, https:\/\/www.elviranuechtern.de\/wp-content\/uploads\/2023\/03\/Teilstueck-1.3-scaled-e1678063221528-1536x1516.jpeg 1536w, https:\/\/www.elviranuechtern.de\/wp-content\/uploads\/2023\/03\/Teilstueck-1.3-scaled-e1678063221528.jpeg 1867w\" sizes=\"(max-width: 1024px) 100vw, 1024px\" \/>\t\t\t\t\t\t\t\t\t\t\t\t\t\t\t<\/div>\n\t\t\t\t<\/div>\n\t\t\t\t\t<\/div>\n\t\t<\/div>\n\t\t\t\t<div class=\"elementor-column elementor-col-50 elementor-top-column elementor-element elementor-element-18bea93\" data-id=\"18bea93\" data-element_type=\"column\" data-e-type=\"column\">\n\t\t\t<div class=\"elementor-widget-wrap elementor-element-populated\">\n\t\t\t\t\t\t<div class=\"elementor-element elementor-element-7291f12 elementor-widget__width-initial elementor-widget elementor-widget-heading\" data-id=\"7291f12\" data-element_type=\"widget\" data-e-type=\"widget\" data-widget_type=\"heading.default\">\n\t\t\t\t<div class=\"elementor-widget-container\">\n\t\t\t\t\t<h2 class=\"elementor-heading-title elementor-size-default\">\u00dcber Mich<\/h2>\t\t\t\t<\/div>\n\t\t\t\t<\/div>\n\t\t\t\t<div class=\"elementor-element elementor-element-ffb18b8 elementor-widget__width-initial elementor-widget elementor-widget-text-editor\" data-id=\"ffb18b8\" data-element_type=\"widget\" data-e-type=\"widget\" data-widget_type=\"text-editor.default\">\n\t\t\t\t<div class=\"elementor-widget-container\">\n\t\t\t\t\t\t\t\t\t<p>Ich bin Grundschullehrerin und schreibe neuerdings Regionalkrimis. Erst in den letzten zwei Jahren habe ich meine Freude am Krimischreiben entdeckt. Whow. Das war toll. In der Pandemie habe ich meinen ersten Krimi zu Ende geschrieben, mich in den Satz eingearbeitet und im Juli 2021 ver\u00f6ffentlicht. Den zweiten Krimi habe ich schon im Kopf und in Arbeit. Er spielt zwischen Freiburg und Palermo. Auch vor der Pandemie habe ich bereits geschrieben. Viele meiner Kurzgeschichten sind im \u201eReibeisen\u201c, dem Kulturmagazin aus Kapfenberg erschienen.<\/p><p>In der Schule sind mir mehrsprachige Lesungen mit Sch\u00fclern, Eltern und Kollegen wichtig, die Wertsch\u00e4tzung der Heimatl\u00e4nder unsere Kinder und die F\u00f6rderung deren speziellen F\u00e4higkeiten. In meiner Freizeit tanze ich sehr gerne. Und spiele Ukulele. Letzeres allerdings sehr laienhaft und am liebsten in der Gruppe. Es macht einfach Spa\u00df zusammen.<\/p><p>Ich werde \u00f6fter nach Lieblingspl\u00e4tzen beim Schreiben gefragt. Beim ersten Entwurf einer Szene sitze ich gerne in einem Caf\u00e9 oder an einem Wasser, dem Meer , einem See oder einem Fluss. Ganz besonders inspirierend ist f\u00fcr mich eine Zugfahrt mit dieser vorbeifliegenden Landschaft. Beim \u00dcberarbeiten sitze ich normalerweise am Computer.<\/p><p>Mehr \u00fcber mich in den Interviews oder dem Zeitungsartikel.<\/p><p>Ich wei\u00df ja nicht, wie es euch geht. Aber wenn ich eine Stadt besuche, liebe ich es einen Regionalkrimi, der vor Ort spielt, und ein paar Geheimtipp f\u00fcr besondere Locations im Koffer zu haben, die nicht in jedem x-beliebigen Reisef\u00fchrer stehen. F\u00fcr Menschen, die so ticken wie ich, habe ich hier ein paar Seiten f\u00fcr euren Besuch im Markgr\u00e4flerland oder Hanauerland(mehr dazu unter entdeckte Orte) angelegt. Die Tatorte meiner Krimis sind hier auch beschrieben. Allen Freiburgbesuchern etc. w\u00fcnsche ich viel Spa\u00df beim Erkunden dieser traumhaften Umgebung mit seinen vielen Kleinoden. Aber auch all denjenigen, die lieber nur im Kopf reisen, denen Bilder und entsprechende Texte ein lebendiges Kopfkino erzeugen, w\u00fcnsche ich von Herzen, dass sie beim St\u00f6bern auf diesen Seiten den Impuls entdecken, der ihr Kopfkino anschaltet. Und dann \u2013 genie\u00dfen, genie\u00dfen, genie\u00dfen. Kopf aus.<\/p><p>Viel Spa\u00df euch bei den realen und virtuellen Reisen \u2013 und viel sinnliche Freude bei allem.<\/p><p>Herzlichst eure Krimiautorin<br \/>Elvira N\u00fcchtern<\/p><p>Wer Anregungen, positives Feedback oder Verbesserungsvorschl\u00e4ge hat \u2013 immer her damit. Sch\u00f6n euch besser kennen zu lernen. Wer besondere Orte kennt \u2013 sehr gerne teilen.<\/p>\t\t\t\t\t\t\t\t<\/div>\n\t\t\t\t<\/div>\n\t\t\t\t\t<\/div>\n\t\t<\/div>\n\t\t\t\t\t<\/div>\n\t\t<\/section>\n\t\t\t\t<section class=\"elementor-section elementor-top-section elementor-element elementor-element-73a5d5d elementor-section-boxed elementor-section-height-default elementor-section-height-default\" data-id=\"73a5d5d\" data-element_type=\"section\" data-e-type=\"section\" data-settings=\"{&quot;background_background&quot;:&quot;classic&quot;}\">\n\t\t\t\t\t\t<div class=\"elementor-container elementor-column-gap-default\">\n\t\t\t\t\t<div class=\"elementor-column elementor-col-100 elementor-top-column elementor-element elementor-element-238e261\" data-id=\"238e261\" data-element_type=\"column\" data-e-type=\"column\">\n\t\t\t<div class=\"elementor-widget-wrap elementor-element-populated\">\n\t\t\t\t\t\t<div class=\"elementor-element elementor-element-8d6cd7c elementor-widget elementor-widget-heading\" data-id=\"8d6cd7c\" data-element_type=\"widget\" data-e-type=\"widget\" data-widget_type=\"heading.default\">\n\t\t\t\t<div class=\"elementor-widget-container\">\n\t\t\t\t\t<h2 class=\"elementor-heading-title elementor-size-default\">Galerie<\/h2>\t\t\t\t<\/div>\n\t\t\t\t<\/div>\n\t\t\t\t<section class=\"elementor-section elementor-inner-section elementor-element elementor-element-921f8f0 elementor-section-boxed elementor-section-height-default elementor-section-height-default\" data-id=\"921f8f0\" data-element_type=\"section\" data-e-type=\"section\">\n\t\t\t\t\t\t<div class=\"elementor-container elementor-column-gap-default\">\n\t\t\t\t\t<div class=\"elementor-column elementor-col-33 elementor-inner-column elementor-element elementor-element-67e04c6\" data-id=\"67e04c6\" data-element_type=\"column\" data-e-type=\"column\">\n\t\t\t<div class=\"elementor-widget-wrap elementor-element-populated\">\n\t\t\t\t\t\t<div class=\"elementor-element elementor-element-4d6fccc elementor-widget elementor-widget-image\" data-id=\"4d6fccc\" data-element_type=\"widget\" data-e-type=\"widget\" data-widget_type=\"image.default\">\n\t\t\t\t<div class=\"elementor-widget-container\">\n\t\t\t\t\t\t\t\t\t\t\t\t\t\t\t<img loading=\"lazy\" decoding=\"async\" width=\"711\" height=\"1024\" src=\"https:\/\/www.elviranuechtern.de\/wp-content\/uploads\/2023\/03\/1678547678612-e1678547837164-711x1024.jpg\" class=\"attachment-large size-large wp-image-132\" alt=\"\" srcset=\"https:\/\/www.elviranuechtern.de\/wp-content\/uploads\/2023\/03\/1678547678612-e1678547837164-711x1024.jpg 711w, https:\/\/www.elviranuechtern.de\/wp-content\/uploads\/2023\/03\/1678547678612-e1678547837164-208x300.jpg 208w, https:\/\/www.elviranuechtern.de\/wp-content\/uploads\/2023\/03\/1678547678612-e1678547837164-768x1107.jpg 768w, https:\/\/www.elviranuechtern.de\/wp-content\/uploads\/2023\/03\/1678547678612-e1678547837164.jpg 1023w\" sizes=\"(max-width: 711px) 100vw, 711px\" \/>\t\t\t\t\t\t\t\t\t\t\t\t\t\t\t<\/div>\n\t\t\t\t<\/div>\n\t\t\t\t\t<\/div>\n\t\t<\/div>\n\t\t\t\t<div class=\"elementor-column elementor-col-33 elementor-inner-column elementor-element elementor-element-2e39277\" data-id=\"2e39277\" data-element_type=\"column\" data-e-type=\"column\">\n\t\t\t<div class=\"elementor-widget-wrap elementor-element-populated\">\n\t\t\t\t\t\t<div class=\"elementor-element elementor-element-5a30749 elementor-widget elementor-widget-image\" data-id=\"5a30749\" data-element_type=\"widget\" data-e-type=\"widget\" data-widget_type=\"image.default\">\n\t\t\t\t<div class=\"elementor-widget-container\">\n\t\t\t\t\t\t\t\t\t\t\t\t\t\t\t<img loading=\"lazy\" decoding=\"async\" width=\"711\" height=\"1024\" src=\"https:\/\/www.elviranuechtern.de\/wp-content\/uploads\/2023\/03\/1678547678612-e1678547837164-711x1024.jpg\" class=\"attachment-large size-large wp-image-132\" alt=\"\" srcset=\"https:\/\/www.elviranuechtern.de\/wp-content\/uploads\/2023\/03\/1678547678612-e1678547837164-711x1024.jpg 711w, https:\/\/www.elviranuechtern.de\/wp-content\/uploads\/2023\/03\/1678547678612-e1678547837164-208x300.jpg 208w, https:\/\/www.elviranuechtern.de\/wp-content\/uploads\/2023\/03\/1678547678612-e1678547837164-768x1107.jpg 768w, https:\/\/www.elviranuechtern.de\/wp-content\/uploads\/2023\/03\/1678547678612-e1678547837164.jpg 1023w\" sizes=\"(max-width: 711px) 100vw, 711px\" \/>\t\t\t\t\t\t\t\t\t\t\t\t\t\t\t<\/div>\n\t\t\t\t<\/div>\n\t\t\t\t\t<\/div>\n\t\t<\/div>\n\t\t\t\t<div class=\"elementor-column elementor-col-33 elementor-inner-column elementor-element elementor-element-34af16d\" data-id=\"34af16d\" data-element_type=\"column\" data-e-type=\"column\">\n\t\t\t<div class=\"elementor-widget-wrap elementor-element-populated\">\n\t\t\t\t\t\t<div class=\"elementor-element elementor-element-c0139a4 elementor-widget elementor-widget-image\" data-id=\"c0139a4\" data-element_type=\"widget\" data-e-type=\"widget\" data-widget_type=\"image.default\">\n\t\t\t\t<div class=\"elementor-widget-container\">\n\t\t\t\t\t\t\t\t\t\t\t\t\t\t\t<img loading=\"lazy\" decoding=\"async\" width=\"711\" height=\"1024\" src=\"https:\/\/www.elviranuechtern.de\/wp-content\/uploads\/2023\/03\/1678547678612-e1678547837164-711x1024.jpg\" class=\"attachment-large size-large wp-image-132\" alt=\"\" srcset=\"https:\/\/www.elviranuechtern.de\/wp-content\/uploads\/2023\/03\/1678547678612-e1678547837164-711x1024.jpg 711w, https:\/\/www.elviranuechtern.de\/wp-content\/uploads\/2023\/03\/1678547678612-e1678547837164-208x300.jpg 208w, https:\/\/www.elviranuechtern.de\/wp-content\/uploads\/2023\/03\/1678547678612-e1678547837164-768x1107.jpg 768w, https:\/\/www.elviranuechtern.de\/wp-content\/uploads\/2023\/03\/1678547678612-e1678547837164.jpg 1023w\" sizes=\"(max-width: 711px) 100vw, 711px\" \/>\t\t\t\t\t\t\t\t\t\t\t\t\t\t\t<\/div>\n\t\t\t\t<\/div>\n\t\t\t\t\t<\/div>\n\t\t<\/div>\n\t\t\t\t\t<\/div>\n\t\t<\/section>\n\t\t\t\t\t<\/div>\n\t\t<\/div>\n\t\t\t\t\t<\/div>\n\t\t<\/section>\n\t\t\t\t<\/div>\n\t\t","protected":false},"excerpt":{"rendered":"<p>Events M\u00f6rderische Lesung im Boettchehof Der Termin r\u00fcckt n\u00e4her. Es wird ein toller und vergn\u00fcglicher Abend. Noch gibt es Pl\u00e4tze. Bist du dabei? Dann ran an den Speck.Buchen unter: PayPal friendsE-Mail: enuechtern@gmx.deoder direkt am Boettchehofoder unter www.streuobstbrise.deIhr k\u00f6nnt gespannt sei Weiterlesen M\u00f6rderische Lesung in italienischem Ambiente 7.10 Erleben Sie Elvira N\u00fcchtern mit ihrem Regionalkrimi \u201eSchierling &hellip;<\/p>\n<p class=\"read-more\"> <a class=\"\" href=\"https:\/\/www.elviranuechtern.de\/\"> <span class=\"screen-reader-text\">Elvira N\u00fcchtern<\/span> Weiterlesen &raquo;<\/a><\/p>\n","protected":false},"author":1,"featured_media":0,"parent":0,"menu_order":0,"comment_status":"closed","ping_status":"closed","template":"","meta":{"site-sidebar-layout":"no-sidebar","site-content-layout":"page-builder","ast-global-header-display":"","ast-main-header-display":"","ast-hfb-above-header-display":"","ast-hfb-below-header-display":"","ast-hfb-mobile-header-display":"","site-post-title":"disabled","ast-breadcrumbs-content":"","ast-featured-img":"disabled","footer-sml-layout":"","theme-transparent-header-meta":"","adv-header-id-meta":"","stick-header-meta":"","header-above-stick-meta":"","header-main-stick-meta":"","header-below-stick-meta":"","footnotes":""},"class_list":["post-17","page","type-page","status-publish","hentry"],"_links":{"self":[{"href":"https:\/\/www.elviranuechtern.de\/index.php\/wp-json\/wp\/v2\/pages\/17","targetHints":{"allow":["GET"]}}],"collection":[{"href":"https:\/\/www.elviranuechtern.de\/index.php\/wp-json\/wp\/v2\/pages"}],"about":[{"href":"https:\/\/www.elviranuechtern.de\/index.php\/wp-json\/wp\/v2\/types\/page"}],"author":[{"embeddable":true,"href":"https:\/\/www.elviranuechtern.de\/index.php\/wp-json\/wp\/v2\/users\/1"}],"replies":[{"embeddable":true,"href":"https:\/\/www.elviranuechtern.de\/index.php\/wp-json\/wp\/v2\/comments?post=17"}],"version-history":[{"count":75,"href":"https:\/\/www.elviranuechtern.de\/index.php\/wp-json\/wp\/v2\/pages\/17\/revisions"}],"predecessor-version":[{"id":299,"href":"https:\/\/www.elviranuechtern.de\/index.php\/wp-json\/wp\/v2\/pages\/17\/revisions\/299"}],"wp:attachment":[{"href":"https:\/\/www.elviranuechtern.de\/index.php\/wp-json\/wp\/v2\/media?parent=17"}],"curies":[{"name":"wp","href":"https:\/\/api.w.org\/{rel}","templated":true}]}}