{"id":72,"date":"2023-03-09T20:55:47","date_gmt":"2023-03-09T20:55:47","guid":{"rendered":"https:\/\/nuechtern.benjaminkuerten.de\/?page_id=72"},"modified":"2023-03-09T21:22:03","modified_gmt":"2023-03-09T21:22:03","slug":"impressum","status":"publish","type":"page","link":"https:\/\/www.elviranuechtern.de\/index.php\/impressum\/","title":{"rendered":"Impressum"},"content":{"rendered":"\t\t<div data-elementor-type=\"wp-page\" data-elementor-id=\"72\" class=\"elementor elementor-72\">\n\t\t\t\t\t\t<section class=\"elementor-section elementor-top-section elementor-element elementor-element-a18f46b elementor-section-height-min-height elementor-section-items-top elementor-section-boxed elementor-section-height-default\" data-id=\"a18f46b\" data-element_type=\"section\" data-e-type=\"section\">\n\t\t\t\t\t\t<div class=\"elementor-container elementor-column-gap-default\">\n\t\t\t\t\t<div class=\"elementor-column elementor-col-100 elementor-top-column elementor-element elementor-element-a0f77fc\" data-id=\"a0f77fc\" data-element_type=\"column\" data-e-type=\"column\">\n\t\t\t<div class=\"elementor-widget-wrap elementor-element-populated\">\n\t\t\t\t\t\t<div class=\"elementor-element elementor-element-5106be7 elementor-widget elementor-widget-text-editor\" data-id=\"5106be7\" data-element_type=\"widget\" data-e-type=\"widget\" data-widget_type=\"text-editor.default\">\n\t\t\t\t<div class=\"elementor-widget-container\">\n\t\t\t\t\t\t\t\t\t<div class=\"main-container\">\n<article id=\"page-411\" class=\"post-411 page type-page status-publish hentry\">\n<div class=\"post-content\">\n<h3 class=\"has-text-align-left has-text-color\">Impressum<\/h3>\n<p class=\"has-text-color\"><strong>Elvira N\u00fcchtern<\/strong><br>Schlippehof 2<br>79110 Freiburg<\/p>\n<p><span class=\"has-inline-color\">E-Mail:<\/span>&nbsp;<strong><span class=\"tadv-color\">enuechtern@gmx.de<\/span><\/strong><\/p>\n<h4 class=\"has-text-color\">Haftungshinweis<\/h4>\n<p class=\"has-text-align-left has-text-color\">Trotz sorgf\u00e4ltiger inhaltlicher Kontrolle \u00fcbernehme ich keine Haftung f\u00fcr die Inhalte externer Links. F\u00fcr den Inhalt der verlinkten Seiten sind ausschlie\u00dflich deren Betreiber verantwortlich.<\/p>\n<\/div>\n<\/article>\n<\/div>\n<div class=\"sidebar-right-wrap\">\n<aside class=\"sidebar-right\">\n<div id=\"media_image-3\" class=\"bard-widget widget_media_image\">&nbsp;<\/div>\n<\/aside>\n<\/div>\t\t\t\t\t\t\t\t<\/div>\n\t\t\t\t<\/div>\n\t\t\t\t\t<\/div>\n\t\t<\/div>\n\t\t\t\t\t<\/div>\n\t\t<\/section>\n\t\t\t\t<\/div>\n\t\t","protected":false},"excerpt":{"rendered":"<p>Impressum Elvira N\u00fcchternSchlippehof 279110 Freiburg E-Mail:&nbsp;enuechtern@gmx.de Haftungshinweis Trotz sorgf\u00e4ltiger inhaltlicher Kontrolle \u00fcbernehme ich keine Haftung f\u00fcr die Inhalte externer Links. F\u00fcr den Inhalt der verlinkten Seiten sind ausschlie\u00dflich deren Betreiber verantwortlich. &nbsp;<\/p>\n","protected":false},"author":1,"featured_media":0,"parent":0,"menu_order":0,"comment_status":"closed","ping_status":"closed","template":"","meta":{"site-sidebar-layout":"no-sidebar","site-content-layout":"page-builder","ast-global-header-display":"","ast-main-header-display":"","ast-hfb-above-header-display":"","ast-hfb-below-header-display":"","ast-hfb-mobile-header-display":"","site-post-title":"disabled","ast-breadcrumbs-content":"","ast-featured-img":"disabled","footer-sml-layout":"","theme-transparent-header-meta":"","adv-header-id-meta":"","stick-header-meta":"","header-above-stick-meta":"","header-main-stick-meta":"","header-below-stick-meta":"","footnotes":""},"class_list":["post-72","page","type-page","status-publish","hentry"],"_links":{"self":[{"href":"https:\/\/www.elviranuechtern.de\/index.php\/wp-json\/wp\/v2\/pages\/72","targetHints":{"allow":["GET"]}}],"collection":[{"href":"https:\/\/www.elviranuechtern.de\/index.php\/wp-json\/wp\/v2\/pages"}],"about":[{"href":"https:\/\/www.elviranuechtern.de\/index.php\/wp-json\/wp\/v2\/types\/page"}],"author":[{"embeddable":true,"href":"https:\/\/www.elviranuechtern.de\/index.php\/wp-json\/wp\/v2\/users\/1"}],"replies":[{"embeddable":true,"href":"https:\/\/www.elviranuechtern.de\/index.php\/wp-json\/wp\/v2\/comments?post=72"}],"version-history":[{"count":16,"href":"https:\/\/www.elviranuechtern.de\/index.php\/wp-json\/wp\/v2\/pages\/72\/revisions"}],"predecessor-version":[{"id":106,"href":"https:\/\/www.elviranuechtern.de\/index.php\/wp-json\/wp\/v2\/pages\/72\/revisions\/106"}],"wp:attachment":[{"href":"https:\/\/www.elviranuechtern.de\/index.php\/wp-json\/wp\/v2\/media?parent=72"}],"curies":[{"name":"wp","href":"https:\/\/api.w.org\/{rel}","templated":true}]}}