{"id":74,"date":"2023-03-09T20:55:56","date_gmt":"2023-03-09T20:55:56","guid":{"rendered":"https:\/\/nuechtern.benjaminkuerten.de\/?page_id=74"},"modified":"2023-03-09T21:21:03","modified_gmt":"2023-03-09T21:21:03","slug":"datenschutz","status":"publish","type":"page","link":"https:\/\/www.elviranuechtern.de\/index.php\/datenschutz\/","title":{"rendered":"Datenschutz"},"content":{"rendered":"\t\t<div data-elementor-type=\"wp-page\" data-elementor-id=\"74\" class=\"elementor elementor-74\">\n\t\t\t\t\t\t<section class=\"elementor-section elementor-top-section elementor-element elementor-element-3efdefd elementor-section-boxed elementor-section-height-default elementor-section-height-default\" data-id=\"3efdefd\" data-element_type=\"section\" data-e-type=\"section\">\n\t\t\t\t\t\t<div class=\"elementor-container elementor-column-gap-default\">\n\t\t\t\t\t<div class=\"elementor-column elementor-col-100 elementor-top-column elementor-element elementor-element-f018a93\" data-id=\"f018a93\" data-element_type=\"column\" data-e-type=\"column\">\n\t\t\t<div class=\"elementor-widget-wrap elementor-element-populated\">\n\t\t\t\t\t\t<div class=\"elementor-element elementor-element-e391185 elementor-widget elementor-widget-text-editor\" data-id=\"e391185\" data-element_type=\"widget\" data-e-type=\"widget\" data-widget_type=\"text-editor.default\">\n\t\t\t\t<div class=\"elementor-widget-container\">\n\t\t\t\t\t\t\t\t\t<div class=\"main-container\"><article id=\"page-412\" class=\"post-412 page type-page status-publish hentry\"><div class=\"post-content\"><h3 class=\"has-text-color\">Datenschutzerkl\u00e4rung<\/h3><p class=\"has-text-color\">Anbieter und verantwortliche Stelle im Sinne des Datenschutzgesetzes<\/p><p>Elvira N\u00fcchtern<br \/>Schlippehof 2<br \/>79110 Freiburg<br \/><br \/>E-Mail:\u00a0<strong><a href=\"mailto:enuechtern@gmx.de\">enuechtern@gmx.de<\/a><\/strong><\/p><p>\u00a0<\/p><h4>Geltungsbereich<\/h4><p>Nutzer erhalten mit dieser Datenschutzerkl\u00e4rung Information \u00fcber die Art, den Umfang und Zweck der Erhebung und Verwendung ihrer Daten durch den verantwortlichen Anbieter erhoben und verwendet werden.<br \/>Den rechtlichen Rahmen f\u00fcr den Datenschutz bilden das Bundesdatenschutzgesetz (BDSG) und das Telemediengesetz (TMG).<\/p><p>\u00a0<\/p><h4>Erfassung allgemeiner Informationen<\/h4><p>Mit jedem Zugriff auf dieses Angebot werden durch mich bzw. den Webspace-Provider automatisch Informationen erfasst. Diese Informationen, auch als Server-Logfiles bezeichnet, sind allgemeiner Natur und erlauben keine R\u00fcckschl\u00fcsse auf Ihre Person.<\/p><p>Erfasst werden unter anderem: Name der Webseite, Datei, Datum, Datenmenge, Webbrowser und Webbrowser-Version, Betriebssystem, der Domainname Ihres Internet-Providers, die sogenannte Referrer-URL (jene Seite, von der aus Sie auf unser Angebot zugegriffen haben) und die IP-Adresse.<\/p><p>Ohne diese Daten w\u00e4re es technisch teils nicht m\u00f6glich, die Inhalte der Webseite auszuliefern und darzustellen. Insofern ist die Erfassung der Daten zwingend notwendig. Wir behalten uns zudem das Recht vor, die Log-Files bei Verdacht auf eine rechtswidrige Nutzung unseres Angebotes nachtr\u00e4glich zu kontrollieren.<\/p><p>\u00a0<\/p><h4>Ihre Rechte auf Auskunft, Berichtigung, Sperre, L\u00f6schung und Widerspruch<\/h4><p>Sie haben das Recht, auf Antrag unentgeltlich eine Auskunft, \u00fcber die bei mir gespeicherten personenbezogenen Daten, anzufordern und\/oder eine Berichtigung, Sperrung oder L\u00f6schung zu verlangen. Ausnahmen: Es handelt sich um die vorgeschriebene Datenspeicherung zur Gesch\u00e4ftsabwicklung oder die Daten unterliegen der gesetzlichen Aufbewahrungspflicht.<\/p><p>F\u00fcr diese Zwecke kontaktieren Sie mich bitte.<\/p><p>Um eine Datensperre jederzeit ber\u00fccksichtigen zu k\u00f6nnen, ist es erforderlich, die Daten f\u00fcr Kontrollzwecke in einer Sperrdatei vorzuhalten. Besteht keine gesetzliche Archivierungspflicht, k\u00f6nnen Sie auch die L\u00f6schung der Daten verlangen. Anderenfalls sperre ich die Daten, sofern Sie dies w\u00fcnschen.<\/p><p>\u00a0<\/p><h4>\u00c4nderung meiner Datenschutzerkl\u00e4rung<\/h4><p>Um zu gew\u00e4hrleisten, dass meine Datenschutzerkl\u00e4rung stets den aktuellen gesetzlichen Vorgaben entspricht, behalte ich mir jederzeit \u00c4nderungen vor. Das gilt auch f\u00fcr den Fall, dass die Datenschutzerkl\u00e4rung aufgrund neuer oder \u00fcberarbeiteter Leistungen, zum Beispiel neuer Serviceleistungen, angepasst werden muss. Die neue Datenschutzerkl\u00e4rung greift dann bei Ihrem n\u00e4chsten Besuch auf meinem Angebot.<\/p><\/div><\/article><\/div><div class=\"sidebar-right-wrap\"><aside class=\"sidebar-right is_stuck\"><div id=\"media_image-3\" class=\"bard-widget widget_media_image\">\u00a0<\/div><\/aside><\/div>\t\t\t\t\t\t\t\t<\/div>\n\t\t\t\t<\/div>\n\t\t\t\t\t<\/div>\n\t\t<\/div>\n\t\t\t\t\t<\/div>\n\t\t<\/section>\n\t\t\t\t<\/div>\n\t\t","protected":false},"excerpt":{"rendered":"<p>Datenschutzerkl\u00e4rung Anbieter und verantwortliche Stelle im Sinne des Datenschutzgesetzes Elvira N\u00fcchternSchlippehof 279110 Freiburg E-Mail:\u00a0enuechtern@gmx.de \u00a0 Geltungsbereich Nutzer erhalten mit dieser Datenschutzerkl\u00e4rung Information \u00fcber die Art, den Umfang und Zweck der Erhebung und Verwendung ihrer Daten durch den verantwortlichen Anbieter erhoben und verwendet werden.Den rechtlichen Rahmen f\u00fcr den Datenschutz bilden das Bundesdatenschutzgesetz (BDSG) und das Telemediengesetz &hellip;<\/p>\n<p class=\"read-more\"> <a class=\"\" href=\"https:\/\/www.elviranuechtern.de\/index.php\/datenschutz\/\"> <span class=\"screen-reader-text\">Datenschutz<\/span> Weiterlesen &raquo;<\/a><\/p>\n","protected":false},"author":1,"featured_media":0,"parent":0,"menu_order":0,"comment_status":"closed","ping_status":"closed","template":"","meta":{"site-sidebar-layout":"no-sidebar","site-content-layout":"page-builder","ast-global-header-display":"","ast-main-header-display":"","ast-hfb-above-header-display":"","ast-hfb-below-header-display":"","ast-hfb-mobile-header-display":"","site-post-title":"disabled","ast-breadcrumbs-content":"","ast-featured-img":"disabled","footer-sml-layout":"","theme-transparent-header-meta":"","adv-header-id-meta":"","stick-header-meta":"","header-above-stick-meta":"","header-main-stick-meta":"","header-below-stick-meta":"","footnotes":""},"class_list":["post-74","page","type-page","status-publish","hentry"],"_links":{"self":[{"href":"https:\/\/www.elviranuechtern.de\/index.php\/wp-json\/wp\/v2\/pages\/74","targetHints":{"allow":["GET"]}}],"collection":[{"href":"https:\/\/www.elviranuechtern.de\/index.php\/wp-json\/wp\/v2\/pages"}],"about":[{"href":"https:\/\/www.elviranuechtern.de\/index.php\/wp-json\/wp\/v2\/types\/page"}],"author":[{"embeddable":true,"href":"https:\/\/www.elviranuechtern.de\/index.php\/wp-json\/wp\/v2\/users\/1"}],"replies":[{"embeddable":true,"href":"https:\/\/www.elviranuechtern.de\/index.php\/wp-json\/wp\/v2\/comments?post=74"}],"version-history":[{"count":4,"href":"https:\/\/www.elviranuechtern.de\/index.php\/wp-json\/wp\/v2\/pages\/74\/revisions"}],"predecessor-version":[{"id":103,"href":"https:\/\/www.elviranuechtern.de\/index.php\/wp-json\/wp\/v2\/pages\/74\/revisions\/103"}],"wp:attachment":[{"href":"https:\/\/www.elviranuechtern.de\/index.php\/wp-json\/wp\/v2\/media?parent=74"}],"curies":[{"name":"wp","href":"https:\/\/api.w.org\/{rel}","templated":true}]}}

<div data-elementor-type="wp-page" data-elementor-id="74" class="elementor elementor-74">
						<section class="elementor-section elementor-top-section elementor-element elementor-element-3efdefd elementor-section-boxed elementor-section-height-default elementor-section-height-default" data-id="3efdefd" data-element_type="section" data-e-type="section">
						<div class="elementor-container elementor-column-gap-default">
					<div class="elementor-column elementor-col-100 elementor-top-column elementor-element elementor-element-f018a93" data-id="f018a93" data-element_type="column" data-e-type="column">
			<div class="elementor-widget-wrap elementor-element-populated">
						<div class="elementor-element elementor-element-e391185 elementor-widget elementor-widget-text-editor" data-id="e391185" data-element_type="widget" data-e-type="widget" data-widget_type="text-editor.default">
				<div class="elementor-widget-container">
									<div class="main-container"><article id="page-412" class="post-412 page type-page status-publish hentry"><div class="post-content"><h3 class="has-text-color">Datenschutzerklärung</h3><p class="has-text-color">Anbieter und verantwortliche Stelle im Sinne des Datenschutzgesetzes</p><p>Elvira Nüchtern<br />Schlippehof 2<br />79110 Freiburg<br /><br />E-Mail: <strong><a href="mailto:enuechtern@gmx.de">enuechtern@gmx.de</a></strong></p><p> </p><h4>Geltungsbereich</h4><p>Nutzer erhalten mit dieser Datenschutzerklärung Information über die Art, den Umfang und Zweck der Erhebung und Verwendung ihrer Daten durch den verantwortlichen Anbieter erhoben und verwendet werden.<br />Den rechtlichen Rahmen für den Datenschutz bilden das Bundesdatenschutzgesetz (BDSG) und das Telemediengesetz (TMG).</p><p> </p><h4>Erfassung allgemeiner Informationen</h4><p>Mit jedem Zugriff auf dieses Angebot werden durch mich bzw. den Webspace-Provider automatisch Informationen erfasst. Diese Informationen, auch als Server-Logfiles bezeichnet, sind allgemeiner Natur und erlauben keine Rückschlüsse auf Ihre Person.</p><p>Erfasst werden unter anderem: Name der Webseite, Datei, Datum, Datenmenge, Webbrowser und Webbrowser-Version, Betriebssystem, der Domainname Ihres Internet-Providers, die sogenannte Referrer-URL (jene Seite, von der aus Sie auf unser Angebot zugegriffen haben) und die IP-Adresse.</p><p>Ohne diese Daten wäre es technisch teils nicht möglich, die Inhalte der Webseite auszuliefern und darzustellen. Insofern ist die Erfassung der Daten zwingend notwendig. Wir behalten uns zudem das Recht vor, die Log-Files bei Verdacht auf eine rechtswidrige Nutzung unseres Angebotes nachträglich zu kontrollieren.</p><p> </p><h4>Ihre Rechte auf Auskunft, Berichtigung, Sperre, Löschung und Widerspruch</h4><p>Sie haben das Recht, auf Antrag unentgeltlich eine Auskunft, über die bei mir gespeicherten personenbezogenen Daten, anzufordern und/oder eine Berichtigung, Sperrung oder Löschung zu verlangen. Ausnahmen: Es handelt sich um die vorgeschriebene Datenspeicherung zur Geschäftsabwicklung oder die Daten unterliegen der gesetzlichen Aufbewahrungspflicht.</p><p>Für diese Zwecke kontaktieren Sie mich bitte.</p><p>Um eine Datensperre jederzeit berücksichtigen zu können, ist es erforderlich, die Daten für Kontrollzwecke in einer Sperrdatei vorzuhalten. Besteht keine gesetzliche Archivierungspflicht, können Sie auch die Löschung der Daten verlangen. Anderenfalls sperre ich die Daten, sofern Sie dies wünschen.</p><p> </p><h4>Änderung meiner Datenschutzerklärung</h4><p>Um zu gewährleisten, dass meine Datenschutzerklärung stets den aktuellen gesetzlichen Vorgaben entspricht, behalte ich mir jederzeit Änderungen vor. Das gilt auch für den Fall, dass die Datenschutzerklärung aufgrund neuer oder überarbeiteter Leistungen, zum Beispiel neuer Serviceleistungen, angepasst werden muss. Die neue Datenschutzerklärung greift dann bei Ihrem nächsten Besuch auf meinem Angebot.</p></div></article></div><div class="sidebar-right-wrap"><aside class="sidebar-right is_stuck"><div id="media_image-3" class="bard-widget widget_media_image"> </div></aside></div>								</div>
				</div>
					</div>
		</div>
					</div>
		</section>
				</div>

<p>Datenschutzerklärung Anbieter und verantwortliche Stelle im Sinne des Datenschutzgesetzes Elvira NüchternSchlippehof 279110 Freiburg E-Mail: enuechtern@gmx.de   Geltungsbereich Nutzer erhalten mit dieser Datenschutzerklärung Information über die Art, den Umfang und Zweck der Erhebung und Verwendung ihrer Daten durch den verantwortlichen Anbieter erhoben und verwendet werden.Den rechtlichen Rahmen für den Datenschutz bilden das Bundesdatenschutzgesetz (BDSG) und das Telemediengesetz &hellip;</p>
<p class="read-more"> <a class="" href="https://www.elviranuechtern.de/index.php/datenschutz/"> <span class="screen-reader-text">Datenschutz</span> Weiterlesen &raquo;</a></p>
